what is 24 + 5?
29
In base 5, what is -20441 - 4?
-21000
In base 2, what is -10011110001001 - -101?
-10011110000100
In base 6, what is 2223 - -12?
2235
In base 7, what is -2 - 1203?
-1205
In base 5, what is 433 - 10?
423
In base 7, what is -3232 - 1?
-3233
In base 8, what is -114 - -5?
-107
In base 3, what is 1122101 + 0?
1122101
In base 3, what is -21001022 - -10?
-21001012
In base 9, what is -2 - 37?
-40
In base 16, what is -8 - -53?
4b
In base 8, what is 6 + 3436?
3444
In base 13, what is -120 + -15?
-135
In base 11, what is 25 - -a?
34
In base 2, what is 11100 - -10?
11110
In base 11, what is -384 + 2?
-382
In base 5, what is -24 + 10224?
10200
In base 15, what is b + -12?
-6
In base 2, what is 10001011011 + 101?
10001100000
In base 10, what is -317 - 7?
-324
In base 12, what is -7 + 0?
-7
In base 10, what is -20 - -87?
67
In base 3, what is 1020202 + -1?
1020201
In base 16, what is 5b + 22?
7d
In base 15, what is -4 - ac?
-b1
In base 3, what is -2 - 1022?
-1101
In base 5, what is 2 + -141?
-134
In base 11, what is -332 - 4?
-336
In base 10, what is 4648 - -5?
4653
In base 15, what is -2 - d5?
-d7
In base 9, what is -424 - 5?
-430
In base 13, what is -72 + 4?
-6b
In base 11, what is -76 - -6?
-70
In base 8, what is -5 + -701?
-706
In base 3, what is 1011001 + 11?
1011012
In base 6, what is -2 + -50?
-52
In base 6, what is -15 + -2?
-21
In base 7, what is -14 - 153?
-200
In base 16, what is 1a + -5?
15
In base 11, what is -373 - 3?
-376
In base 16, what is 22c3 + 2?
22c5
In base 6, what is -103 - 24?
-131
In base 16, what is -21 + 0?
-21
In base 2, what is 100001 + -11?
11110
In base 15, what is 11 + 4?
15
In base 11, what is 19 + a?
28
In base 16, what is -5 - c5?
-ca
In base 16, what is 4 + 206?
20a
In base 7, what is -433 - -2?
-431
In base 4, what is -20331 - -3?
-20322
In base 4, what is 2003323 + -3?
2003320
In base 10, what is 4 + -73?
-69
In base 10, what is 3 - 89?
-86
In base 10, what is 59 - 2?
57
In base 8, what is 57 + 1?
60
In base 16, what is -480b - -5?
-4806
In base 8, what is 5 - 373?
-366
In base 11, what is -1 + 1?
0
In base 4, what is 1 + -103?
-102
In base 16, what is -3ad - -2?
-3ab
In base 13, what is -3 - -4?
1
In base 5, what is -4 - -100341?
100332
In base 3, what is 11 - 1100?
-1012
In base 8, what is 6 + -2521?
-2513
In base 4, what is 3310 + -103?
3201
In base 8, what is -5 - -122?
115
In base 8, what is 31 + 12?
43
In base 12, what is 3121a - 1?
31219
In base 3, what is -220 + 12?
-201
In base 16, what is -5 - -2c?
27
In base 2, what is 10011101 - 10?
10011011
In base 12, what is -839 + -5?
-842
In base 3, what is -11 - -121221?
121210
In base 5, what is -1 + 313?
312
In base 4, what is -1123 + 3?
-1120
In base 10, what is 63 + 9?
72
In base 11, what is 4 - -75a?
763
In base 7, what is 3 - -1045?
1051
In base 14, what is -21 - -3?
-1c
In base 16, what is -8 - 5?
-d
In base 15, what is -5 + 9ae?
9a9
In base 2, what is 101000010 + -100?
100111110
In base 11, what is -7 + 24?
18
In base 9, what is 1512 + 7?
1520
In base 15, what is 64a + 5?
650
In base 3, what is -212011010 - 10?
-212011020
In base 7, what is 41 - -63?
134
In base 7, what is -3004 - 1?
-3005
In base 15, what is -5 + 817?
812
In base 5, what is -10 - 203?
-213
In base 14, what is -1 + -1088?
-1089
In base 16, what is -34 + 5?
-2f
In base 6, what is -2 - -43011?
43005
In base 7, what is -3 - -55?
52
In base 2, what is 101100 - -1010?
110110
In base 13, what is -10 + 7?
-6
In base 10, what is 0 + -1486?
-1486
In base 16, what is 1b4 + 4?
1b8
In base 10, what is 0 + 398?
398
In base 14, what is c + 6c?
7a
In base 3, what is -220 + -212210?
-220200
In base 13, what is 15 - -c?
24
In base 12, what is -14 + -54?
-68
In base 8, what is 1273 + -17?
1254
In base 15, what is 3 - 6d?
-6a
In base 14, what is -3 - 364?
-367
In base 11, what is -7 + -31?
-38
In base 14, what is -1b4 - -5?
-1ad
In base 14, what is -5 + -499?
-4a0
In base 3, what is 0 - 20212?
-20212
In base 11, what is 105 + -76?
3a
In base 6, what is 151 + 5?
200
In base 11, what is -5 + 1a?
15
In base 15, what is -13 + -1?
-14
In base 12, what is -101 + 7?
-b6
In base 8, what is -2737 + -7?
-2746
In base 3, what is 0 - 1221?
-1221
In base 16, what is -5 + 24e?
249
In base 10, what is -4 - -131?
127
In base 13, what is 786 - -1?
787
In base 7, what is -633 - -14?
-616
In base 7, what is 150261 + 4?
150265
In base 15, what is -4 - 0?
-4
In base 10, what is 582 + 0?
582
In base 4, what is 323 - -22?
1011
In base 14, what is -38 - -200?
1a6
In base 5, what is -13312 + -11?
-13323
In base 11, what is -10 + 2?
-9
In base 4, what is 10 - -33122?
33132
In base 13, what is -3 - -3b?
38
In base 13, what is 7 + 25?
2c
In base 9, what is -55 - 2?
-57
In base 15, what is 3 + 231?
234
In base 9, what is -6 - 853?
-860
In base 11, what is 95 + -3?
92
In base 14, what is c5 - 8?
bb
In base 5, what is 0 + -4003?
-4003
In base 2, what is -10010 + 110000?
11110
In base 5, what is 4 + 322?
331
In base 3, what is -11201 - 10?
-11211
In base 5, what is 33113 - -4?
33122
In base 6, what is -1454 - 205?
-2103
In base 12, what is -513 + b?
-504
In base 2, what is 1001100001110 + 10?
1001100010000
In base 10, what is 2 + -3?
-1
In base 8, what is -3 + -340?
-343
In base 4, what is 21 + 1132?
1213
In base 13, what is -47 + -4?
-4b
In base 12, what is 9 + -5?
4
In base 13, what is 99 + -a?
8c
In base 5, what is -14004 - 10?
-14014
In base 15, what is -1 + 27?
26
In base 9, what is 483 + 0?
483
In base 4, what is 31 + -230?
-133
In base 6, what is -13 + 30?
13
In base 10, what is -4 - -241?
237
In base 11, what is -1 - a8?
-a9
In base 14, what is -1d - -1a?
-3
In base 10, what is 4082 - 4?
4078
In base 13, what is -2 + 27?
25
In base 15, what is 5 - -25d?
263
In base 15, what is 4e1 - 1?
4e0
In base 10, what is -148 - 5?
-153
In base 4, what is 10 - -131?
201
In base 10, what is -7704 - -3?
-7701
In base 16, what is 3 + -68?
-65
In base 11, what is -4 + -12?
-16
In base 10, what is 3 + -41?
-38
In base 11, what is -28 - 1?
-29
In base 14, what is 1 + 32?
33
In base 12, what is 3a + -96?
-58
In base 7, what is 45 - -400?
445
In base 13, what is -2 - -3390?
338b
In base 3, what is 12 - -2022?
2111
In base 4, what is 2 - -331?
333
In base 3, what is 202 - 10?
122
In base 2, what is 1100111 + 10?
1101001
In base 13, what is -1482a - -1?
-14829
In base 4, what is 21321 + 3?
21330
In base 15, what is -2 - -1d?
1b
In base 14, what is 28bb - 4?
28b7
In base 9, what is 30500 + -3?
30486
In base 6, what is 1 + -25?
-24
In base 8, what is -63 - 2?
-65
In base 5, what is -13430 + 4?
-13421
In base 13, what is 115 + 0?
115
In base 16, what is 6 - -3?
9
In base 13, what is 14c4 - 4?
14c0
In base 16, what is -10 + -7d?
-8d
In base 11, what is -1 + -127?
-128
In base 2, what is -10001000111 - 111?
-10001001110
In base 4, what is -123 - 1101?
-1230
In base 12, what is -80 + 5?
-77
In base 16, what is -283 - 2?
-285
In base 3, what is -22102 + 1?
-22101
In base 3, what is -11 + -220102?
-220120
In base 13, what is -216b - 0?
-216b
In base 14, what is -1 - 17c?
-17d
In base 12, what is -1b - 244?
-263
In base 10, what is 62 - 50?
12
In base 10, what is 10 - 111?
-101
In base 13, what is -8ab + 7?
-8a4
In base 5, what is -2333 - -1?
-2332
In base 13, what is -26 + -18?
-41
In base 8, what is -122 - 10?
-132
In base 7, what is -2 + -25111?
-25113
In base 8, what is -5 + -277?
-304
In base 5, what is 23114 - -1?
23120
In base 11, what is 27a - 5?
275
In base 4, what is -11231 - -10?
-11221
In base 10, what is -4 + 1593?
1589
In base 13, what is -5 + 1?
-4
In base 14, what is c7ca + -3?
c7c7
In base 8, what is 0 + 2512?
2512
In base 12, what is -1b - -4?
-17
In base 10, what is 4 + 351?
355
In base 8, what is -2 + -4725?
-4727
In base 10, what is -5 - 106?
-111
In base 4, what is -1113 - 101?
-1220
In base 7, what is 12 + 0?
12
In base 12, what is -37b + -29?
-3a8
In base 2, what is 101 + 1000111101?
1001000010
In base 9, what is 201 - 0?
201
In base 13, what is -1 - -74?
73
In base 3, what is 110000202 - 2?
110000200
In base 14, what is -2 + -136?
-138
In base 6, what is -10 - 0?
-10
In base 14, what is 9673 + -2?
9671
In base 13, what is 1 + a2?
a3
In base 6, what is -122344 + 4?
-122340
In base 15, what is -4 - -4c?
48
In base 9, what i